 - (-1)/3. Suppose -2*m + q = 3*m + 4*h, -374 = -4*m - 2*h. Is m prime?
False
Suppose -5*z + z - a + 29 = 0, 4*a = z - 3. Suppose 0 = -z*r - 3*r + 53510. Is r prime?
True
Suppose -1 = -7*r + 6*r. Is 75 - (1 + -1 + r) a prime number?
False
Let b = 165 - -8. Let j = b + 344. Is j a composite number?
True
Let q = -93 + 19. Let c = q + 217. Is c prime?
False
Suppose 0 = 2*b - 799 - 2031. Let j = 2776 - b. Is j prime?
True
Is 1/(51/(-6)) + 14265/17 prime?
True
Let p(d) = 8*d + 3. Let u be p(14). Suppose 0 = b - 5*l - u, 3*l = -3*b - 0*l + 345. Is b a composite number?
True
Let y = 6319 + -2930. Is y prime?
True
Let x(k) = -4*k + 1. Let d be x(-1). Suppose -4*j = j - 3*o - 27, -o = -5*j + 19. Suppose r = d*t + 626, 2*r - j*t - 525 = 734. Is r a composite number?
False
Suppose 5*j + 3088 = -1312. Is (5 - j) + (-8)/(-2) a composite number?
True
Suppose 0 = -2*g - s + 1219, -2*g - 2*s - 597 = -3*g. Suppose 585 + g = 8*t. Is t a composite number?
False
Let a be (-5)/(25/30)*14/6. Is (-13 - a)/((4/2)/11230) prime?
False
Suppose 4*a - 2563 + 647 = 0. Suppose 19*o - 14133 = -2*o. Let g = o - a. Is g prime?
False
Let k = 32069 - 14904. Is k a composite number?
True
Let w be (1/1)/(1/73). Let y = w + -42. Is y prime?
True
Let y(x) = -39*x**3 + x**2 + 8*x + 3. Let w(i) = -i**2 - 14*i - 17. Let g be w(-13). Is y(g) prime?
False
Suppose 3*g - 6*g = 3*j + 48, 3*g + 6 = 0. Let b(f) = 4*f - 1. Let v be b(j). Let i = v - -91. Is i composite?
True
Is -21 - -18 - 5/((-5)/6246) composite?
True
Let q(a) = -7*a - 2. Let c(x) = -x + 1. Let u(j) = -5*c(j) + q(j). Let m be u(-6). Is m - (2 + 0/1) prime?
True
Let i(l) = -72 - 153*l + 34 + 43 + 737*l. Is i(3) prime?
False
Let o = 31779 - 9248. Is o a composite number?
False
Suppose 7 = 3*o - 5*w + 3*w, -2*o = w - 7. Let z be 1 + (o/1)/3. Suppose -101 = -z*i - 5*c + 329, -645 = -3*i - 2*c. Is i a composite number?
True
Let s be 1 - 18/14 - (-8224)/(-28). Suppose -372 = 4*q + 272. Let v = q - s. Is v a prime number?
False
Suppose 10*m = 8*m - 112. Let s be (-3)/((-12)/m)*1. Is (-4722)/(-14) + 4/s a prime number?
True
Let j(g) = 43*g**2. Let s be (-8)/(-6)*3 - 0. Let t = 3 - s. Is j(t) a composite number?
False
Let n = -8 + 13. Suppose a + h = 5*a - 2711, 3*a = -n*h + 2062. Is a a composite number?
True
Let b = -17451 + 44200. Is b composite?
True
Is (-6)/(-8)*158/6*44 prime?
False
Is 260436/15 - 18/(-30) prime?
False
Suppose -5*o - 3*p - 11 = -2*p, 0 = -4*o - 3*p - 11. Let g be (-1 - -1) + o + 141. Suppose 5*r = g + 116. Is r prime?
False
Let g(b) = -52*b - 62. Suppose m + 6*d + 29 = 2*d, 2*m + 46 = -5*d. Is g(m) prime?
False
Let p(b) = -b**3 + 20*b**2 - 4*b + 22. Let x be p(14). Is x/4*(-16 + 22) composite?
True
Is ((-90)/(-12))/15*215398 + 2 a composite number?
True
Let u(h) = -2*h**2 + 11*h + 1. Let q be u(5). Suppose q*j - 8*j = -358. Is j prime?
True
Let u(h) = 90*h**2 + 39*h - 95. Is u(8) a composite number?
True
Let t = -85 - -49. Let n(d) = 5*d**3 - 2*d**2 - d. Let g be n(-1). Is (-1759)/g - (-6)/t a prime number?
True
Let v be 10/2 + 1 + 3 + -7. Is -2 + (-10158)/(-12)*v prime?
False
Suppose 4*b = 2*b + 10. Let o(g) = 0*g + 5*g + 9 + 2*g + 4*g**2 - b*g. Is o(-4) composite?
True
Suppose -s - 740 = -5*s. Suppose 82*l - 79*l = 6. Suppose 0 = l*g - s - 713. Is g prime?
True
Let o = -54 - -121. Suppose -5*s + 1112 - o = 0. Is s a composite number?
True
Suppose 7*t = 3*t + 24460. Suppose -114*j + 119*j = t. Is j prime?
True
Suppose -2*d - 163 = -997. Is d a composite number?
True
Let i(z) = z**3 - 6*z**2 - 3*z + 12. Let n(r) = -r**3 + 5*r**2 + 4*r - 11. Let u(t) = -4*i(t) - 3*n(t). Is u(-7) prime?
True
Is 1/(-2) + (-1)/((-4)/24790) a composite number?
False
Suppose 0 = 3*i - 1300 - 1283. Suppose -7*m + 2786 = -i. Is m a composite number?
False
Suppose -4*f - 215 + 5287 = 0. Suppose -f + 3447 = q. Is q composite?
False
Suppose 0 = -2*d - 4 - 10. Is (-3)/d - (-266608)/133 composite?
True
Let l(a) = 69*a**2 + 26*a + 39. Is l(-2) prime?
True
Let a(d) = -3*d + 101. Is a(12) prime?
False
Let l(y) = y**2 - 3*y - 2. Let z be l(5). Let o be 4/16*14*z. Suppose -4*d + 112 = -o. Is d a prime number?
False
Let j(p) be the first derivative of 6*p**2 + 5 - 17*p - 13/3*p**3 - 1/4*p**4. Is j(-14) composite?
False
Let g be (-2)/8 + (-18)/(-8). Suppose -g*x - 5 = -7*x. Let z(s) = 34*s - 1. Is z(x) a composite number?
True
Let s(i) = -i**2 - 9*i + 11. Let p be s(-10). Let l = -3 + p. Is (l - (-6)/2)*149 prime?
True
Let x(h) = h**3 - 9*h**2 + 16*h - 11. Let b be x(7). Suppose -4366 = -b*a + 365. Is a a composite number?
True
Suppose 6975 = 9*o - 6*o - 3*p, -2*o = 5*p - 4678. Is o composite?
True
Suppose -6*m - 3 + 39 = 0. Is 5/15 - (-664)/m a composite number?
True
Let d(q) = -q**2 + 5*q - 3. Let s be d(3). Suppose k = -2*r + 149, 420 = s*k - r - 2*r. Is k composite?
True
Let d(a) = 198*a + 7. Let v be d(6). Let g = v - 614. Is g a prime number?
False
Let r be (8/16)/((-1)/748). Suppose -v = -2*v - 585. Let q = r - v. Is q composite?
False
Let w = 8938 - 5145. Is w a prime number?
True
Let c be (-19575)/(-21) + (-1)/7. Let w = c + -595. Is w a composite number?
False
Let d = -62 - -86. Suppose -3*m = -d - 42. Is m a prime number?
False
Suppose 0 = 5*g + 20 + 40. Let l(q) = q**2 + 5 - 10 - 8 - 11*q - 11*q**2 - q**3. Is l(g) prime?
False
Let d = -23056 + 33439. Is d prime?
False
Let g = -5564 + 11156. Is 4/(-22) + g/22 a prime number?
False
Let u = -4224 - -8945. Is u composite?
False
Let o(y) = -6478*y - 7. Is o(-2) composite?
True
Let g = -19 + 18. Is -1 + -4 - (-1151 - g) prime?
False
Let x(g) = -g**3 - 14*g**2. Let j be x(-14). Suppose -2*k - m = -j*m - 1782, -20 = -5*m. Is k prime?
False
Let g = 879 + -489. Let m = 861 - g. Is m a composite number?
True
Let w(r) = r**2 + 14*r + 9. Let y be w(-11). Let t = -3 - y. Suppose 6*i - 339 + t = 0. Is i composite?
False
Let c = 15 - 22. Let r(o) = -5*o + 0*o**2 - 40*o**3 + 4 + 39*o**3 - 7*o**2. Is r(c) composite?
True
Suppose -49890 = -3*j + 3*w - 16284, j + 5*w - 11172 = 0. Is j prime?
True
Let v = -1459 + 950. Let s = -136 - v. Is s a prime number?
True
Let o be (-3)/((-6)/10) - 1. Is 87*o/15*10/4 a composite number?
True
Suppose 7*f + 5*m - 15070 = 2*f, 2*m = 4*f - 12080. Suppose y = 7*y - f. Is y prime?
True
Let g = -1983 + 3690. Is g composite?
True
Let s(i) = -i**3 - i**2 - i + 2. Let p = 14 - 14. Let z be s(p). Suppose 0 = -z*t + 7*t - 745. Is t composite?
False
Let d = 1290 - -5653. Is d prime?
False
Let g(w) be the first derivative of 42*w**2 - w + 9. Is g(4) a prime number?
False
Is (2/14)/((-106656)/35553 - -3) a prime number?
True
Suppose -18*k + 14*k + 16 = 0. Suppose n = k*u + 1629, 4*n - 2*n - u = 3293. Is n composite?
True
Suppose -5*i + 2*i + 5*l - 1091 = 0, -4*l = 20. Let j be i/36*3/(-1). Suppose -3*h = -5*c - 64, h + 4*c + 4 = j. Is h composite?
False
Let u(s) be the third derivative of -1/30*s**5 + 0*s - 1/120*s**6 + s**2 - 1/24*s**4 + 1/2*s**3 + 0. Is u(-5) a prime number?
True
Let p(z) = z + 41. Let y be p(-21). Is 2/8 - (-27135)/y a composite number?
True
Let u(i) = 5*i**3 - 7*i**2 - 9*i + 10. Suppose -2*j - 3*j - y = -32, 3 = -y. Is u(j) a composite number?
False
Suppose -4*q = 2*u - 18, -3*u - u = -5*q + 3. Suppose -4*d - 34 = -z - 5*d, u*d - 3 = 0. Is (-2)/3 - (-20581)/z prime?
False
Is 1976 + (-5 - 10/(-5)) a prime number?
True
Let t(d) = 11*d**2 + 13*d + 259. Is t(-22) composite?
False
Let f = -7326 + 12403. Is f a composite number?
False
Let d(b) = 762*b + 12. Let j be d(-2). Let f = 3749 + j. Is f composite?
False
Let o(x) = -3 + x + 9 + 4 + 0. Let k be o(-6). Let c = 30 + k. Is c composite?
True
Suppose 0 = 5*u - 25, 2*f = -0*u - 2*u + 190. Let w = -330 - -101. Let y = f - w. Is y prime?
False
Let f(s) = 2*s - 10. Let b be f(9). Suppose 2*g - 2 = b. Suppose -j + 389 = 4*k - 402, 0 = g*j + 25. Is k a prime number?
True
Let u(o) = -124*o - 17. Suppose -1 = -4*m - 13. Is u(m) a composite number?
True
Let b(m) = -1426*m + 85. Is b(-16) a composite number?
False
Suppose 0*n = -3*s + 3*n - 57, 0 = s + 4*n + 4. Let u = 14 + s. Is 389*u*9/(-18) a prime number?
True
Is (-120)/10*((-142)/8 - 2) a composite number?
True
Is (306811/(-388))/(1/(-4)) a prime number?
True
Suppose -z = -4*g - 3871, -3886 = 3*z - 4*z - g. Is z a composite number?
True
Let f = 2294 + -1255. Is f pri